prime factors of 19420.
2, 5, 971
What are the prime factors of 1954?
2, 977
List the prime factors of 20320.
2, 5, 127
What are the prime factors of 26660?
2, 5, 31, 43
List the prime factors of 6039.
3, 11, 61
What are the prime factors of 1618?
2, 809
What are the prime factors of 37669?
139, 271
List the prime factors of 731.
17, 43
List the prime factors of 19759.
19759
List the prime factors of 27166.
2, 17, 47
List the prime factors of 1827.
3, 7, 29
List the prime factors of 7106.
2, 11, 17, 19
List the prime factors of 29691.
3, 3299
List the prime factors of 97867.
7, 11, 31, 41
What are the prime factors of 1860?
2, 3, 5, 31
List the prime factors of 1402.
2, 701
List the prime factors of 44443.
7, 907
What are the prime factors of 1282?
2, 641
List the prime factors of 17193.
3, 11, 521
List the prime factors of 173632.
2, 2713
List the prime factors of 3744.
2, 3, 13
What are the prime factors of 1681?
41
List the prime factors of 12462.
2, 3, 31, 67
What are the prime factors of 33723?
3, 1249
What are the prime factors of 1580?
2, 5, 79
What are the prime factors of 6081?
3, 2027
List the prime factors of 2153.
2153
List the prime factors of 313.
313
List the prime factors of 679.
7, 97
What are the prime factors of 1973?
1973
List the prime factors of 1443.
3, 13, 37
List the prime factors of 20638.
2, 17, 607
List the prime factors of 7186.
2, 3593
What are the prime factors of 2469?
3, 823
What are the prime factors of 122?
2, 61
What are the prime factors of 47257?
7, 43, 157
List the prime factors of 10098.
2, 3, 11, 17
What are the prime factors of 28734?
2, 3, 4789
List the prime factors of 133.
7, 19
What are the prime factors of 1259?
1259
What are the prime factors of 69234?
2, 3, 11, 1049
List the prime factors of 1551.
3, 11, 47
List the prime factors of 5283.
3, 587
What are the prime factors of 2642?
2, 1321
List the prime factors of 34019.
34019
List the prime factors of 29966.
2, 14983
What are the prime factors of 2657?
2657
List the prime factors of 1326.
2, 3, 13, 17
What are the prime factors of 779?
19, 41
What are the prime factors of 977?
977
What are the prime factors of 72155?
5, 14431
List the prime factors of 21333.
3, 13, 547
What are the prime factors of 23720?
2, 5, 593
List the prime factors of 1710.
2, 3, 5, 19
What are the prime factors of 3600?
2, 3, 5
List the prime factors of 3037.
3037
List the prime factors of 17894.
2, 23, 389
What are the prime factors of 4196?
2, 1049
List the prime factors of 5462.
2, 2731
List the prime factors of 52622.
2, 83, 317
List the prime factors of 1062.
2, 3, 59
What are the prime factors of 30577?
30577
What are the prime factors of 4690?
2, 5, 7, 67
List the prime factors of 2033.
19, 107
List the prime factors of 3227.
7, 461
List the prime factors of 11042.
2, 5521
What are the prime factors of 6462?
2, 3, 359
What are the prime factors of 83815?
5, 16763
List the prime factors of 64508.
2, 16127
List the prime factors of 63268.
2, 15817
What are the prime factors of 34492?
2, 8623
List the prime factors of 3607.
3607
What are the prime factors of 1081?
23, 47
What are the prime factors of 11657?
11657
What are the prime factors of 1194?
2, 3, 199
List the prime factors of 11319.
3, 7, 11
List the prime factors of 107311.
239, 449
List the prime factors of 2250.
2, 3, 5
What are the prime factors of 14778?
2, 3, 821
List the prime factors of 13390.
2, 5, 13, 103
List the prime factors of 43200.
2, 3, 5
What are the prime factors of 16091?
16091
What are the prime factors of 168178?
2, 84089
List the prime factors of 1449.
3, 7, 23
What are the prime factors of 45?
3, 5
List the prime factors of 2705.
5, 541
What are the prime factors of 1025?
5, 41
List the prime factors of 50261.
50261
What are the prime factors of 69?
3, 23
What are the prime factors of 1868?
2, 467
List the prime factors of 1090.
2, 5, 109
List the prime factors of 5470.
2, 5, 547
What are the prime factors of 42700?
2, 5, 7, 61
List the prime factors of 77765.
5, 103, 151
List the prime factors of 597.
3, 199
List the prime factors of 707.
7, 101
List the prime factors of 883.
883
List the prime factors of 20415.
3, 5, 1361
What are the prime factors of 634?
2, 317
What are the prime factors of 34611?
3, 83, 139
List the prime factors of 330.
2, 3, 5, 11
What are the prime factors of 16554?
2, 3, 31, 89
List the prime factors of 2068.
2, 11, 47
What are the prime factors of 7121?
7121
What are the prime factors of 894?
2, 3, 149
List the prime factors of 60558.
2, 3, 10093
List the prime factors of 105.
3, 5, 7
List the prime factors of 208.
2, 13
List the prime factors of 24569.
79, 311
List the prime factors of 2539.
2539
List the prime factors of 1795.
5, 359
List the prime factors of 1186.
2, 593
What are the prime factors of 3056?
2, 191
List the prime factors of 35671.
35671
List the prime factors of 19216.
2, 1201
What are the prime factors of 188?
2, 47
What are the prime factors of 2294?
2, 31, 37
List the prime factors of 608.
2, 19
What are the prime factors of 689?
13, 53
List the prime factors of 76.
2, 19
What are the prime factors of 49911?
3, 127, 131
List the prime factors of 23177.
7, 11, 43
What are the prime factors of 7959?
3, 7, 379
What are the prime factors of 1923?
3, 641
List the prime factors of 186.
2, 3, 31
List the prime factors of 7891.
13, 607
What are the prime factors of 898?
2, 449
List the prime factors of 20064.
2, 3, 11, 19
What are the prime factors of 63601?
63601
What are the prime factors of 92?
2, 23
What are the prime factors of 28202?
2, 59, 239
List the prime factors of 1108.
2, 277
What are the prime factors of 33363?
3, 11, 337
What are the prime factors of 19176?
2, 3, 17, 47
What are the prime factors of 21237?
3, 7079
List the prime factors of 269.
269
What are the prime factors of 42301?
7, 6043
List the prime factors of 61061.
7, 11, 13, 61
What are the prime factors of 1124?
2, 281
What are the prime factors of 2314?
2, 13, 89
List the prime factors of 1911.
3, 7, 13
What are the prime factors of 1567?
1567
What are the prime factors of 712?
2, 89
What are the prime factors of 6175?
5, 13, 19
List the prime factors of 15665.
5, 13, 241
List the prime factors of 5726.
2, 7, 409
What are the prime factors of 216?
2, 3
List the prime factors of 1761.
3, 587
List the prime factors of 38643.
3, 11, 1171
List the prime factors of 839.
839
List the prime factors of 1020.
2, 3, 5, 17
List the prime factors of 4444.
2, 11, 101
List the prime factors of 21299.
19, 59
List the prime factors of 4833.
3, 179
What are the prime factors of 8601?
3, 47, 61
What are the prime factors of 14797?
14797
What are the prime factors of 226?
2, 113
List the prime factors of 1034.
2, 11, 47
What are the prime factors of 52354?
2, 26177
What are the prime factors of 1904?
2, 7, 17
List the prime factors of 6004.
2, 19, 79
What are the prime factors of 116538?
2, 3, 19423
List the prime factors of 2198.
2, 7, 157
List the prime factors of 5977.
43, 139
List the prime factors of 11918.
2, 59, 101
What are the prime factors of 2539?
2539
What are the prime factors of 1808?
2, 113
What are the prime factors of 941?
941
What are the prime factors of 18456?
2, 3, 769
List the prime factors of 2006.
2, 17, 59
List the prime factors of 843.
3, 281
What are the prime factors of 5988?
2, 3, 499
What are the prime factors of 16677?
3, 17, 109
List the prime factors of 5977.
43, 139
What are the prime factors of 1013?
1013
What are the prime factors of 4598?
2, 11, 19
What are the prime factors of 36338?
2, 18169
List the prime factors of 16283.
19, 857
List the prime factors of 18872.
2, 7, 337
What are the prime factors of 2688?
2, 3, 7
List the prime factors of 609.
3, 7, 29
List the prime factors of 1646.
2, 823
What are the prime factors of 5092?
2, 19, 67
What are the prime factors of 114?
2, 3, 19
List the prime factors of 64928.
2, 2029
What are the prime factors of 968?
2, 11
What are the prime factors of 1183?
7, 13
What are the prime factors of 75060?
2, 3, 5, 139
List the prime factors of 84199.
84199
List the prime factors of 5399.
5399
List the prime factors of 985.
5, 197
What are the prime factors of 8792?
2, 7, 157
What are the prime factors of 7267